3
Calculate (0 - 0) + 13 - (-52 + (-77 - -122)).
20
What is (-11 - 1) + 3 + 1?
-8
What is -2 + -16 + (-12 - -23) + 29 + 0?
22
Evaluate (4 - 5 - 2) + 0 - -10.
7
Calculate (-1 - -1) + (13 + -64 - -32).
-19
Evaluate 26 - (-6 + (-5 - (-23 - -5))).
19
Evaluate (-2 - 2) + 99 + -85 - 1.
9
What is (-84 - -80) + 0 + -3?
-7
What is the value of -6 - 5 - ((3 - -6) + -27)?
7
(-91 - -66) + (-8 - (-3 - 0)) + -2
-32
Calculate 10 - ((4 - 21) + 37 + 18).
-28
Evaluate 7 + 12 + 1 + (-10 - -3) - 2.
11
Calculate 10 + (-14 + 17 - -9) + -19.
3
What is the value of (0 - 24) + (-22 - -52 - 22) + -4?
-20
Calculate -5 - (-8 + 19 + -13).
-3
Calculate 8 + (2 - (-3 - (4 + -6 + 2))).
13
Calculate -1 - 0 - ((26 - (-7 - -24)) + -14).
4
Evaluate 6 - 18 - (17 - 19 - (-1 - 0)).
-11
-16 + (21 - 29) - -22
-2
Evaluate -3 + (14 - 40) - (-2 + (-1 - 1)).
-25
Evaluate (-23 - (10 + -26)) + (-1 - 3).
-11
Calculate (3 - 8 - -1 - (9 + -4)) + -11.
-20
Evaluate -8 + -2 + (47 - 67) + 11.
-19
What is the value of (-24 - (8 + 6)) + 18?
-20
Evaluate (12 - 5 - 6) + -3 + -2.
-4
What is 51 - 50 - (5 - -4)?
-8
Evaluate 11 + ((-1 - 17) + 12 - -27).
32
What is the value of (-9 - -2 - -7) + -18 + (16 - 10)?
-12
What is the value of -2 + (-16 - 17 - -56)?
21
Calculate 1 - 1 - (4 - (-7 + 6)).
-5
Evaluate -3 - (9 + -17 + 6 - 2).
1
Calculate 1 + (1 + 1 + 0 - (25 - 21)).
-1
What is the value of (16 - (0 + 21)) + 24?
19
What is -45 - -72 - (13 - -13)?
1
What is (-8 - (-53 - -43 - (-1 - -2))) + 33?
36
-46 + -40 + (7 - -60)
-19
Calculate 14 + (-13 - -8 - -4).
13
What is the value of (-1 - 1) + (-7 - (11 - (-2 + 19)))?
-3
What is (-7 + (-8 - -16) - (-2 - -2)) + -1?
0
What is the value of -5 + (-4 - -17 - 3) - (-44 + 40)?
9
What is 363 - 329 - (46 - 0)?
-12
Evaluate 28 + (-8 - (-12 + 19)).
13
Calculate (-4 - (-27 + 11)) + -3 + 19.
28
Calculate 39 + 0 + (-102 - -73).
10
Evaluate 0 + -1 - (28 - (-5 + 2)).
-32
What is the value of -44 - (-32 + -1 + 9)?
-20
What is -233 + 223 - (13 + 0)?
-23
1 + 14 + (184 - 194)
5
What is the value of (6 + -18 + 4 - -1) + 10 - -14?
17
-1 - (6 - (15 + 4 + 1)) - 1
12
What is -30 - (-41 + 38 - -8)?
-35
What is the value of 25 - (7 + (-9 - 6) + 19)?
14
What is (1 + 4 - 0) + -18?
-13
Calculate 11 + -1 - (18 + -3 + -18).
13
-8 + 1 + -7 + 6
-8
Evaluate (-15 - 6) + 2 - (24 - 11).
-32
What is the value of -3 + -29 + 23 + 5?
-4
What is the value of (8 - 19 - (1 + -5)) + 14?
7
16 + -24 - -2 - -7
1
What is the value of -1 - -7 - (196 - 195)?
5
What is (-106 + 119 - (-6 - -2)) + -2?
15
-6 + 3 + (27 - (1 - -18))
5
-12 + (-4 - (6 + -7) - -21) - -14
20
Calculate -5 - -6 - (-2 + 0 - (-1 - -2)).
4
What is (-16 - -4) + (-551 - -539)?
-24
(-29 - -5) + 18 - -11
5
What is (-13 - -1 - -16 - 0) + (-2 - -7)?
9
What is -11 + -14 + 18 + (70 - 37)?
26
Calculate (-18 + 18 - (-1 - (-8 - -1))) + -16.
-22
199 + -191 - (4 - (-1 + 0)) - -10
13
Evaluate 113 + -43 + -15 - 22.
33
Evaluate (25 - 8) + (41 - 37).
21
What is 11 + (3 - 4) - (1 + 7 + -3)?
5
What is the value of 16 - (-25 + 52 + -1)?
-10
What is 1 + (1 - 2) - ((38 - 21) + -20)?
3
Evaluate (6 - 2 - 3) + (-2 - 8) + 13.
4
Evaluate 41 - ((-324 - -327) + -1 + 5).
34
Calculate (7 - (-4 + 10)) + 3 - (0 - -17).
-13
Evaluate -4 - 8 - (-10 + (10 - 6)).
-6
What is 65 + -76 - (-12 + 1 + 2)?
-2
What is the value of (-8 - -23) + -2 - 6?
7
What is the value of 11 + (0 - (-6 - -3)) + -7 + -1?
6
-12 + (-8 - (8 - (-2 - -21)))
-9
What is the value of (23 - (33 + -12)) + -8 + 2 + -2?
-6
What is the value of -16 + (0 - 2) + 3 - (-11 - -17)?
-21
What is (-4 - (0 - 2 - -3)) + (-75 - -94)?
14
Evaluate 5 - (31 + -7 + 16).
-35
-6 - (1 - (-3 - -5) - -3)
-8
What is the value of 40 + -24 + 1 + -9 + (0 - -6)?
14
Evaluate 6 + (-2 - -2 - -29 - (24 + -24)).
35
Calculate 7 + 5 + -3 - (3 + -4).
10
Evaluate -3 + 11 + 0 + -4 + -43 + 6.
-33
What is the value of -34 + (214 - 215 - (1 - 0))?
-36
Calculate -5 - (4 - ((-11 - 3) + (23 - 34))).
-34
What is the value of (0 + 5 - 11) + 3 + 2?
-1
Calculate (0 - 1) + 0 + 0 + 1 + 4.
4
10 + (-1 - 8) + 12
13
1 - (-11 + 0 - (-7 + (4 - -2)))
11
(-8 + -5 + 32 - 9) + -9
1
What is the value of -17 + (-1 - -23) + (189 - 200)?
-6
What is the value of (14 - 5) + (-1 - (-4 + 5 + -2))?
9
What is 15 + 28 + (-79 - -1)?
-35
-1 - -10 - (6 - 10 - -5 - 2)
10
-570 + 568 + 31 + 1
30
Calculate -7 - (-25 + 18) - (-3 + -1).
4
Evaluate 0 + -3 + 2 - (-5 + 24 - 14).
-6
Evaluate -15 + 0 - (-49 + 16 + 17).
1
What is the value of 8 + -2 - (160 + -168)?
14
What is the value of -25 - (-25 + 17) - (2 + -3)?
-16
Evaluate (37 - 3 - 32) + -1 + 5 + 0.
6
Evaluate -15 + 28 + (15 - 35).
-7
0 + 5 - (-20 - 3 - -19)
9
What is the value of -4 - 2 - (-38 + 32 + 1)?
-1
What is the value of 1 + (-1 + 4 - (7 + -3)) - -6?
6
What is the value of -23 - (-2 - 0 - 16)?
-5
Evaluate (-22 + 29 - -9) + -35.
-19
Evaluate -16 - ((-7 - -10) + -10).
-9
Evaluate (-10 - -13) + 8 + (-24 - 6).
-19
11 - (44 - 30) - -42
39
What is the value of 164 + -147 + -4 + -8?
5
Calculate 35 + (0 - 21) + -8.
6
Evaluate (-1 - -1) + ((6 - 19) + 7 - 6).
-12
(-2 - ((-4 + 4 - -11) + -3)) + 5
-5
What is 4 - 36 - (-209 - -177)?
0
-20 - -13 - 18 - (-4 + 10 - -3)
-34
2 + 1 + -674 + 676
5
Evaluate (-30 - -37 - (5 - -1)) + -15 + -2.
-16
Calculate -1 + 1 - (0 + -12 + -20) - 6.
26
What is the value of 3 - (-14 + (23 - 13)) - 20?
-13
What is the value of -2 - (-1 - (-4 - (-13 + 2))) - 10?
-4
What is 4 + 31 - (-379 + 432)?
-18
Calculate -7 - (0 + -8 - -4) - -16.
13
Evaluate 12 + (158 - 162) + (5 - (2 - 2)).
13
6 - -3 - 11 - (-1 - (-6 + 6))
-1
-8 - (-9 - (3 + 13)) - (-7 + -1)
25
Calculate 891 - 890 - (-1 + 2 - (1 + 8)).
9
Calculate (-9 + 14 - (9 + 1 - 1)) + 2.
-2
Calculate 12 + 11 + -34 - -14.
3
What is (0 - 0) + -7 + (-49 - (-44 + -10))?
-2
Calculate -4 + 12 + (-10 - -11) + -12.
-3
Calculate -1 + 16 + (1 - (39 - 33)).
10
20 - ((-11 - -5) + (-5 - (5 - 8)))
28
Evaluate 5 + -7 + (-2 - (4 + -9 - -4)).
-3
What is 19 + -2 + -3 + -35 + 14?
-7
Evaluate 31 - (-20 - -26 - -47).
-22
Evaluate -13 + (1 - -6) - -17 - -4.
15
Evaluate (-6 - (12 - (-2 - -19))) + 0 + 0.
-1
Evaluate 3 - -4 - (-4 + (-12 - -8) + 35).
-20
Evaluate 9 + (0 + -11 - 15 - -11).
-6
What is the value of (0 - -7) + (-1 - (-19 + 24))?
1
Calculate 16 - (-8 + -32 + 18 - -12).
26
Evaluate (6 - 23) + 7 - (1 + (-7 - -6)).
-10
What is the value of (-16 - -13) + 31 + (1 - 9)?
20
What is the value of (-38 - -41) + (-9 - 0) + (-1 - -1)?
-6
Calculate -43 - ((-14 + -1 - -14) + -14).
-28
What is the value of 7 + -1 + 0 + (-2 - -12 - 10)?
6
Evaluate -8 - (-21 - -13) - (-12 + -1).
13
(-26 - -26) + ((-1 - -6) + -3 - 3)
-1
What is the value of 23 + -41 - (1 + -7)?
-12
Calculate (5 + -1 - (180 + -179)) + 12.
15
-2 + -15 + 2 + 13
-2
What is the value of (15 - (8 + -8)) + -7 + 1 + 2?
11
What is the value of 5 + -15 + 1 + (3 - 2) + -6?
-14
What is the value of -6 + (14 - 18) - (-7 - 3)?
0
Calculate 17 + (-12 - -11 - 6).
10
What is -10 - (-9 + -21 + (-9 - -14))?
15
-19 - (3 - 10 - (-14 - -11))
-15
Calculate (14 - 5) + 27 + -19.
17
What is 4 + 3 + -16 - 3?
-12
Calculate -1 + -1 + (2 - -1) - (-4 + 6).
-1
Calculate (3 - 1) + 13 + -14 + -8.
-7
Evaluate 3 - 15 - (130 + -124).
-18
Calculate 4 + 3 + -10 + 5 - -3 - 7.
-2
Calculate 13 + (5 - 8) - (22 - -2).
-14
(13 - -2) + (45 - 54) - 16
-10
What is -19 - (-20 + 1) - 19?
-19
What is the value of -10 - (-41 - -18 - -14)?
-1
Evaluate -32 - -24 - -4 - -23.
19
(0 - 0) + 2 + -192 + 191
1
13 + -4 + 2 + 9 + -6 + -7
7
What is 12 + (24 - (15 + -10)) + -9?
22
What is the value of -13 + (-9 - (2 + -28))?
4
Calculate 23 - ((3 - 20) + 14).
26
0 + 5 - -6 - ((4 - 11) + 4)
14
-3 + 3 + (-31 - -21 - 1)
-11
-3 - (-11 - -23 - 26)
11
What is the value of 14 + (-3 - 6) - (-18 - -4)?
19
What is the value of -10 - 2 - (13 + -24)?
-1
Calculate 23 - 31 - (-1 + -23).
16
(3 + 3 - -5) + -2 - 11
-2
6 - (0 - 11 - -8) - 10
-1
What is the value of (95 - 196) + 103 + 1 + (-23 - 1)?
-21
What is the value of -27 - (-12 + 6 + -5)?
-16
What is the value of -1 - (-1 - (2 - (13 - (1 - -7))))?
-3
Calculate 7 + -2 + -9 - (1 + -2) - -15.
12
What is the value of 17 + (-1 - (-21 - -37))?
0
-13 + -38 + 24 + (37 - -6)
16
Evaluate (-1 - -5) + 1 + (12 - -2 - 7).
12
Calculate -1 + (15 - 0) + 22 + -23.
13
Evaluate (9 + -4 + -8 - -7) + 7 + -9.
2
What is the value of (5 - (-65 + 74 + (0 - 5))) + 21?
22
(0 - -8) + (-7 - (-